7 + 5464. What is the units digit of d?
7
Let u = 3355 + -1838. What is the tens digit of u?
1
Let d(o) = -2*o**2 - 13*o - 15. Let x be d(-7). Let s = x + 49. What is the tens digit of s?
2
Let j = -598 + 1122. What is the units digit of j?
4
Let o = -47 + 12. Let z = 141 + o. What is the tens digit of z?
0
Let q be ((-3 - -4) + -1)/2. What is the tens digit of 8 + q + -4 + 39?
4
Let b(o) be the first derivative of -o**3/3 + 13*o**2/2 + 11*o + 4. Let h be b(13). What is the units digit of (2 - (-2 - -2)) + h?
3
Let m = -2192 - -4915. What is the units digit of m?
3
Suppose -2*m - 3*k + 3 = -12, -5*m + 4*k + 95 = 0. What is the tens digit of (370/m*-3)/(0 - 1)?
7
Let p(r) = r**2 + 2*r - 10. Let k be p(-7). Let f = 16 - k. What is the units digit of ((-4)/(-12))/((-3)/f)?
1
Let w be 6 - 1050/12 - 3/2. Let k = -75 - w. What is the units digit of k?
8
Let z = 340 - 160. What is the units digit of z?
0
Suppose -60162 = -66*c + 106554. What is the hundreds digit of c?
5
Let f(n) = -4*n - 4. Let i(y) = y**2 - 1. Let z be i(2). Let v be (0 + 1)/(z/(-9)). What is the units digit of f(v)?
8
Suppose -14*r - 4 + 46 = 0. Suppose -1 = -w, -r*w = 3*p + 2*p - 908. What is the units digit of p?
1
Let v(g) be the second derivative of g**4/12 + g**3 - 5*g**2/2 - 4*g. What is the tens digit of v(-11)?
5
Let s be (-1 - 4)*6/(-15). Let y(r) = 18*r**3 + 2*r**2 + r - 2. Let v be y(s). Suppose -7*b = b - v. What is the units digit of b?
9
Let s(x) = -x**3 - 20*x**2 + 7*x - 22. What is the hundreds digit of s(-21)?
2
Suppose 20*b = 53*b - 36432. What is the hundreds digit of b?
1
Let x be 1 - (3 + 36*1) - -1. Let d = x - -52. What is the units digit of d?
5
Suppose 4*p - 2*l = 3451 + 6793, -l = 3*p - 7693. What is the hundreds digit of p?
5
Let u(r) = r**2 + 5*r + 7. Let j be u(-6). Suppose 5*w - 12 - j = 0. Suppose -2*a + 7*a + 106 = 3*y, -3*a = w*y - 120. What is the tens digit of y?
2
Let p be 4 - 1 - (0 - 1). Suppose 0 = -p*n - 54 + 6. Let q = -7 - n. What is the units digit of q?
5
Let y(f) = 18*f - 40. What is the tens digit of y(12)?
7
Let h be 0 + (-4)/8*6. Let l be 7 - (12/h - -3). Suppose -5*a + 52 = -l. What is the units digit of a?
2
Let g be -2*2*1/(-2). Suppose -2*k - 4*l - 9 + 167 = 0, -g*k - 3*l + 157 = 0. What is the tens digit of k?
7
Let n(a) = -6*a + 19. Let m(f) = -3*f + 9. Let t(l) = -10*m(l) + 4*n(l). What is the tens digit of t(11)?
5
What is the tens digit of -5*3/((-90)/12) - -730?
3
Let s(o) be the third derivative of o**4/6 + o**3 - 5*o**2. What is the units digit of s(4)?
2
Let o = 0 + 5. Suppose 0*u + 45 = 2*u + 5*k, -4*k = 4. Let v = o + u. What is the units digit of v?
0
Let b be (-2)/8 - (-51)/12. Suppose -2 = w + b. Let m = 24 + w. What is the units digit of m?
8
Suppose 2*r + h = -6, r - 15 = -3*h - 2*h. What is the units digit of (-86)/(-10) + 3/r?
8
Let a be (1/(-2))/(14/12 - 1). What is the hundreds digit of 239 - 16/12*a?
2
Let s be (6/(-4))/((-3)/4). Suppose -6*t + 0*t + 12 = 0. Suppose -2*w + t*b = 7*b - 62, 4*b = -s*w + 60. What is the tens digit of w?
2
Let w(h) = -h + 9. Let x be w(5). Let t(v) = v**3 - 2*v**2 + 6*v - 4. Let u be t(x). Let j = u + -30. What is the units digit of j?
2
Let j = 994 - 329. What is the tens digit of j?
6
Let l(m) = m**2 - 6*m - 5. Let d be l(7). Suppose d*q - 4 = -0*q. Suppose 2*b = -3*p + 63, -q*b = -b + 3. What is the tens digit of p?
2
Let m(i) be the second derivative of i**5/20 + i**4/4 - 5*i**3/6 - i**2/2 + 2*i. Let l be m(-4). Suppose 33 = -l*w + 99. What is the units digit of w?
2
Let r = 2044 - 1004. What is the units digit of r?
0
Suppose -7*w = -2*w - 50. Suppose -n + 4*q = -6*n + 27, -3*n + 2*q = -3. Suppose -n*f - 59 = -5*s + 90, 5*f - w = 0. What is the units digit of s?
1
Suppose 0 = 2*c - 5*x - 1741, -2*c - c = 2*x - 2564. What is the hundreds digit of c?
8
Let c = 763 + -493. What is the tens digit of c?
7
Suppose 0 = -0*f + 4*f. Suppose 6 = -f*u + 3*u. Suppose 2*a + u = 4*a, n + 4*a = 19. What is the tens digit of n?
1
Suppose 9*d - 380 = 349. What is the tens digit of d?
8
Let y(n) be the first derivative of n**2/2 - 4*n + 2. Let c be y(5). What is the tens digit of 1 + c/((-2)/(-84))?
4
Let w(i) = -i**2 - 3*i + 7. Let l be w(-4). Suppose 244 = l*n + 2*j - j, 2*n - 174 = 5*j. What is the tens digit of n?
8
Let d be (5 - 42/8)/((-1)/92). Suppose -n + d = -24. What is the units digit of n?
7
Let a(y) = -y**2 + 13*y - 9. Let x be a(12). Suppose -9 = x*d, 4*b - 3*d - 15 = -2*d. Suppose -2*p + 3 = -b. What is the units digit of p?
3
Let c(n) = -n + 7. Let a be c(7). Suppose a = -3*g + 2*g + 2. Suppose 5*u + 3 - 12 = -g*w, -8 = -3*w - 2*u. What is the units digit of w?
2
Suppose 5*w - 10 = 5. Suppose 302 = w*c - 52. Suppose 2*g - 2*d = 60, 4*g + 2*d = c - 28. What is the tens digit of g?
2
Suppose -5*f = -43 - 32. Suppose f*d = 13*d + 96. What is the units digit of d?
8
Let z = -8 - 19. Let b = 38 + z. What is the units digit of b?
1
Suppose -12*p = 3*p. Let i = p - -163. What is the hundreds digit of i?
1
Let s(q) = 3*q**3 + 15*q**2 - 4*q + 12. Let p(z) = 2*z**3 + 14*z**2 - 5*z + 11. Let i(x) = 4*p(x) - 3*s(x). What is the units digit of i(6)?
0
Suppose -p + 50 = 36. Let w = 29 - p. What is the units digit of w?
5
Let x be -12 - -12 - (0 - 2). Suppose -x*m = -6*m. Suppose -v + 3*v - 106 = m. What is the units digit of v?
3
Let w(v) = -3*v - 28. Let o be w(-13). Let d = 1 + 8. Let x = o - d. What is the units digit of x?
2
Suppose -4*x - 2 = 2. Suppose 0 = -y + t + 7, 4*t + 14 = -6. What is the tens digit of 40*(y + x/1)?
4
Let v = -50 - 34. Let x = -33 - v. What is the units digit of x?
1
Suppose -357 = -j + y, 0 = 6*j - 4*j + 3*y - 724. What is the hundreds digit of j?
3
Let w = 804 - -2894. What is the units digit of w?
8
Suppose 2*n = 0, h + 4*n + 0*n = 2. Suppose z + 156 = 4*v, 3*z = 3*v + h*v - 202. What is the units digit of v?
8
Suppose 3*f = 15*f - 120. What is the units digit of (-5)/f + (-502)/(-4)*1?
5
What is the tens digit of (-6358)/(-4) - 26/52?
8
Suppose -106 = -5*h - 5*d + 399, h - 3*d = 81. Let n = h - 49. What is the tens digit of n?
4
Let n = 1736 + -683. What is the tens digit of n?
5
Let i(j) be the second derivative of j**4/12 + 3*j**3/2 - 18*j**2 + 18*j. What is the hundreds digit of i(-17)?
1
Let a(s) = 6*s**2 - 44*s**3 - 7*s + 3*s**2 - 4*s + 17 + 43*s**3. What is the tens digit of a(7)?
3
Let z be (-1)/4 - (-19)/(-4). Suppose -3 = 59*x - 56*x. What is the units digit of (x/(-3))/(z/(-645))?
3
Let h = 73 - -85. What is the units digit of h?
8
Suppose 7*y - 4*y + 360 = 0. Let h = -55 - y. What is the units digit of h?
5
Let w(d) = 3*d - 15. Let m be w(-6). What is the tens digit of -4 + 2 - m*1?
3
Suppose 4*n = -b - 9, 6 = -3*n - 9. What is the units digit of b/((-44)/(-48)) + (-6)/3?
0
Suppose r - 684 = -h, 3416 = 4*h + h + 3*r. What is the hundreds digit of h?
6
Let d be (1 + 9/(-5))/((-4)/(-30)). Let h(u) = 5*u**2 + 2*u + 31. What is the tens digit of h(d)?
9
Suppose 328 = d + 3*h, 24*h - 27*h = 2*d - 671. What is the hundreds digit of d?
3
Let j = -324 - -1457. What is the units digit of j?
3
Let p(x) = 1103*x**3 + 3*x**2 - 1. What is the tens digit of p(1)?
0
What is the units digit of 22644/12 + 16/(-2)?
9
Let v = -10 - -10. Suppose -i = -4*q + 14, 0 = -v*q - 2*q - 5*i + 18. Suppose -5*x = -q*x - 5. What is the units digit of x?
5
Suppose 3*f - 2*c = 72, 3*c - 2*c = 0. What is the tens digit of (1 - 6)*f/(-10)?
1
Let h(k) = k**3 - 17*k**2 + 34*k - 25. What is the units digit of h(15)?
5
Suppose l = -17 - 24. Let n = 0 - l. What is the units digit of n?
1
Let s(m) = -4*m**3 - m**2 + 2*m - 1. Let l be s(-8). Suppose 0 = -26*u + 33*u - l. What is the units digit of u?
1
Suppose 4*k - 292 = -5*d + 18174, -5*d - 5*k + 18465 = 0. What is the thousands digit of d?
3
Let h = 337 - -466. What is the units digit of h?
3
Let s(q) = -3*q - 28. Let o(p) = -8*p - 84. Let a(i) = -5*o(i) + 16*s(i). Let c be a(-12). Let x = 116 - c. What is the units digit of x?
8
What is the tens digit of 2 + (23008/10 - 13/(-65))?
0
Let k = 1069 + -286. What is the tens digit of k?
8
Suppose 0 = 4*h + v - 4729, -9*v + 6*v = -h + 1179. What is the tens digit of h?
8
Let y = 6 - 1. Suppose -308 - 454 = -3*k + 3*s, s = y*k - 1274. What is the units digit of k?
5
Suppose 0 = -5*m + 11